{"id":56,"date":"2016-05-18T17:07:42","date_gmt":"2016-05-18T15:07:42","guid":{"rendered":"http:\/\/oyaonis.ch\/?page_id=56"},"modified":"2016-05-18T17:25:27","modified_gmt":"2016-05-18T15:25:27","slug":"biography","status":"publish","type":"page","link":"https:\/\/oyaonis.ch\/index.php\/biography\/","title":{"rendered":"biography"},"content":{"rendered":"<p><strong>Art education<\/strong><\/p>\n<ul>\n<li>Z\u00fcrcher Hochschule der K\u00fcnste, Master, Vermittlerin f\u00fcr Gestaltung und Kunst<\/li>\n<li>Z\u00fcrcher Hochschule der K\u00fcnste, Sveb Certificate in Adult Education<\/li>\n<li>Middlesex University, London, Foundation Course in Art<\/li>\n<\/ul>\n<p><strong>Semester courses:<\/strong><\/p>\n<ul>\n<li>University of Z\u00fcrich, Art History<\/li>\n<li>Academy of Art College, San Francisco, Fashion Drawing and History of Fashion<\/li>\n<li>Louise Sallinger Academy of Fashion, San Francisco, Fashion Illustration and pattern cutting<\/li>\n<\/ul>\n<p><strong>Art presentations, a selection, Switzerland<\/strong><\/p>\n<ul>\n<li>Kunstszene, Z\u00fcrich<\/li>\n<li>Raumsprung, Z\u00fcrich<\/li>\n<li>Kunstwerkstadt, ZHAW W\u00e4denswil<\/li>\n<li>Let\u2019s Improvise, ZHAW W\u00e4denswil<\/li>\n<li>Looking for an Identity, Toni Areal Z\u00fcrich<\/li>\n<li>Changes, Handels Gericht, Z\u00fcrich<\/li>\n<li>Recent works 1 and 2, Dow Chemical, Horgen<\/li>\n<\/ul>\n","protected":false},"excerpt":{"rendered":"<p>Art education Z\u00fcrcher Hochschule der K\u00fcnste, Master, Vermittlerin f\u00fcr Gestaltung und Kunst Z\u00fcrcher Hochschule der K\u00fcnste, Sveb Certificate in Adult Education Middlesex University, London, Foundation Course in Art Semester courses: University of Z\u00fcrich, Art History Academy of Art College, San Francisco, Fashion Drawing and History of Fashion Louise Sallinger Academy of Fashion, San Francisco, Fashion &hellip; <a href=\"https:\/\/oyaonis.ch\/index.php\/biography\/\" class=\"more-link\">Continue reading<span class=\"screen-reader-text\"> &#8220;biography&#8221;<\/span><\/a><\/p>\n","protected":false},"author":1,"featured_media":0,"parent":0,"menu_order":0,"comment_status":"closed","ping_status":"closed","template":"","meta":{"footnotes":""},"class_list":["post-56","page","type-page","status-publish","hentry"],"_links":{"self":[{"href":"https:\/\/oyaonis.ch\/index.php\/wp-json\/wp\/v2\/pages\/56","targetHints":{"allow":["GET"]}}],"collection":[{"href":"https:\/\/oyaonis.ch\/index.php\/wp-json\/wp\/v2\/pages"}],"about":[{"href":"https:\/\/oyaonis.ch\/index.php\/wp-json\/wp\/v2\/types\/page"}],"author":[{"embeddable":true,"href":"https:\/\/oyaonis.ch\/index.php\/wp-json\/wp\/v2\/users\/1"}],"replies":[{"embeddable":true,"href":"https:\/\/oyaonis.ch\/index.php\/wp-json\/wp\/v2\/comments?post=56"}],"version-history":[{"count":2,"href":"https:\/\/oyaonis.ch\/index.php\/wp-json\/wp\/v2\/pages\/56\/revisions"}],"predecessor-version":[{"id":63,"href":"https:\/\/oyaonis.ch\/index.php\/wp-json\/wp\/v2\/pages\/56\/revisions\/63"}],"wp:attachment":[{"href":"https:\/\/oyaonis.ch\/index.php\/wp-json\/wp\/v2\/media?parent=56"}],"curies":[{"name":"wp","href":"https:\/\/api.w.org\/{rel}","templated":true}]}}